Does 359 divide 178423?
True
Does 61 divide 25086?
False
Does 12 divide 4144403?
False
Is 676 a factor of 2180945?
False
Is 2 a factor of 894?
True
Does 24 divide 235871?
False
Does 8 divide 30519?
False
Is 48 a factor of 12565604?
False
Does 38 divide 156533?
False
Does 15 divide 1322014?
False
Is 813402 a multiple of 3?
True
Is 127263 a multiple of 26?
False
Is 16637940 a multiple of 6?
True
Does 117 divide 590031?
True
Is 1010002 a multiple of 19?
True
Is 654 a factor of 4037722?
False
Is 2 a factor of 698964?
True
Does 5 divide 168008?
False
Is 91 a factor of 378469?
True
Is 662613 a multiple of 417?
True
Is 395 a factor of 2800961?
False
Is 658 a factor of 1928190?
False
Is 1015002 a multiple of 18?
True
Is 19 a factor of 182552?
True
Does 17 divide 113508?
False
Is 825150 a multiple of 75?
True
Does 31 divide 231384?
True
Is 14 a factor of 149889?
False
Is 573 a factor of 664058?
False
Is 1478694 a multiple of 19?
True
Is 3144981 a multiple of 44?
False
Is 574775 a multiple of 185?
False
Does 745 divide 1045235?
True
Is 46 a factor of 28198?
True
Is 70 a factor of 361904?
False
Is 30 a factor of 5069?
False
Is 69323 a multiple of 5?
False
Is 442 a factor of 473824?
True
Does 6 divide 10134?
True
Does 6 divide 1670640?
True
Is 232994 a multiple of 97?
True
Is 1389048 a multiple of 372?
True
Does 978 divide 18676866?
True
Is 308 a factor of 48972?
True
Is 5836168 a multiple of 13?
True
Is 141 a factor of 1936888?
False
Does 43 divide 14455229?
False
Is 8 a factor of 716768?
True
Is 856314 a multiple of 28?
False
Is 132 a factor of 2912580?
True
Is 7 a factor of 5867413?
False
Does 491 divide 3959915?
True
Does 22 divide 15974880?
False
Does 6 divide 691883?
False
Is 5 a factor of 93325?
True
Is 302120 a multiple of 581?
True
Is 131806 a multiple of 49?
False
Does 86 divide 1187660?
True
Is 375904 a multiple of 41?
False
Is 4213500 a multiple of 106?
True
Is 242 a factor of 3173588?
True
Is 944804 a multiple of 823?
True
Is 847431 a multiple of 13?
True
Is 27 a factor of 37989?
True
Is 55 a factor of 784795?
True
Is 28375 a multiple of 17?
False
Does 210 divide 969360?
True
Is 1696268 a multiple of 16?
False
Does 8 divide 159656?
True
Is 3725571 a multiple of 188?
False
Is 9 a factor of 159318?
True
Does 287 divide 373506?
False
Is 1247818 a multiple of 11?
True
Is 1633948 a multiple of 46?
False
Is 2 a factor of 116442?
True
Is 166 a factor of 2667315?
False
Does 9 divide 2705613?
False
Is 6120663 a multiple of 731?
True
Is 95 a factor of 670740?
False
Is 930 a factor of 11600820?
True
Does 132 divide 1840080?
True
Does 56 divide 99120?
True
Is 1332723 a multiple of 21?
True
Does 310 divide 3410?
True
Is 510781 a multiple of 9?
False
Does 112 divide 3695440?
True
Is 1906884 a multiple of 98?
True
Is 2611981 a multiple of 15?
False
Is 40731 a multiple of 61?
False
Is 99 a factor of 35046?
True
Is 8221192 a multiple of 56?
True
Is 7893756 a multiple of 668?
True
Does 33 divide 19830?
False
Does 187 divide 82280?
True
Is 18 a factor of 41022?
True
Is 43 a factor of 3303561?
True
Is 3 a factor of 3110?
False
Does 388 divide 5179800?
True
Is 99 a factor of 860409?
True
Is 157779 a multiple of 11?
False
Does 13 divide 4951373?
False
Is 13 a factor of 1896037?
True
Is 1120384 a multiple of 32?
True
Is 105049 a multiple of 263?
False
Is 661216 a multiple of 26?
False
Does 28 divide 17499972?
True
Is 169425 a multiple of 251?
True
Is 360 a factor of 749929?
False
Does 24 divide 4315223?
False
Is 474 a factor of 6091374?
True
Is 5318880 a multiple of 168?
True
Is 28 a factor of 35549?
False
Is 1461744 a multiple of 36?
True
Is 28567 a multiple of 7?
True
Does 2 divide 593024?
True
Does 36 divide 10670364?
True
Is 13604 a multiple of 4?
True
Does 110 divide 1571240?
True
Is 3461205 a multiple of 5?
True
Does 236 divide 685580?
True
Does 6 divide 83400?
True
Is 984253 a multiple of 34?
False
Is 105 a factor of 65348?
False
Does 457 divide 5935973?
True
Is 9 a factor of 67477?
False
Does 760 divide 6050360?
True
Is 1137480 a multiple of 8?
True
Is 58661 a multiple of 24?
False
Is 13 a factor of 37778702?
True
Does 64 divide 242816?
True
Is 665432 a multiple of 7?
False
Does 6 divide 50465?
False
Is 4170374 a multiple of 13?
True
Is 25 a factor of 12901?
False
Is 6 a factor of 947502?
True
Does 485 divide 4723536?
False
Does 62 divide 496513?
False
Is 63648 a multiple of 51?
True
Is 441835 a multiple of 2?
False
Does 12 divide 2196486?
False
Does 20 divide 1290040?
True
Is 392 a factor of 8446424?
True
Is 254561 a multiple of 44?
False
Is 274647 a multiple of 130?
False
Is 323 a factor of 3305905?
True
Is 36 a factor of 115092?
True
Is 5496170 a multiple of 19?
False
Is 272 a factor of 640998?
False
Does 330 divide 1724250?
True
Is 66 a factor of 1579776?
True
Is 21 a factor of 2427411?
True
Is 607 a factor of 7638053?
False
Is 242009 a multiple of 3?
False
Does 313 divide 6180185?
True
Is 278617 a multiple of 4?
False
Is 158940 a multiple of 15?
True
Is 23995412 a multiple of 812?
True
Does 5 divide 541914?
False
Is 956 a factor of 917760?
True
Is 1590731 a multiple of 568?
False
Is 4443175 a multiple of 7?
False
Is 48093 a multiple of 23?
True
Is 5786 a multiple of 2?
True
Is 309 a factor of 338355?
True
Does 415 divide 849090?
True
Does 18 divide 5537236?
False
Is 498 a factor of 631058?
False
Does 1418 divide 3552601?
False
Does 20 divide 1759?
False
Does 23 divide 4461440?
False
Is 57638 a multiple of 46?
True
Is 4744110 a multiple of 19?
True
Does 4 divide 229057?
False
Does 6 divide 18282?
True
Is 1978428 a multiple of 173?
True
Does 54 divide 21978?
True
Does 127 divide 1944380?
False
Is 6 a factor of 72670?
False
Is 23 a factor of 1505028?
True
Is 30 a factor of 252854?
False
Is 1638 a factor of 2032716?
False
Does 63 divide 1143765?
True
Is 689 a factor of 630435?
True
Is 167786 a multiple of 64?
False
Is 30 a factor of 7283890?
False
Is 36 a factor of 1142928?
True
Does 93 divide 6696?
True
Is 2060216 a multiple of 86?
True
Is 1254682 a multiple of 27?
False
Is 59 a factor of 737951?
False
Is 2294394 a multiple of 258?
True
Is 7155 a multiple of 6?
False
Is 64215 a multiple of 13?
False
Is 44558 even?
True
Is 233 a factor of 304169?
False
Is 277 a factor of 10236812?
True
Is 5296760 a multiple of 7?
True
Is 96576 a multiple of 16?
True
Is 351 a factor of 207732?
False
Is 31 a factor of 8556?
True
Is 25973 a multiple of 30?
False
Is 146575 a multiple of 5?
True
Is 2612854 a multiple of 5?
False
Does 241 divide 3288204?
True
Does 249 divide 601086?
True
Is 5052 a multiple of 3?
True
Is 255068 a multiple of 62?
True
Does 7 divide 1081192?
True
Is 349 a factor of 2217546?
True
Is 194 a factor of 2065130?
True
Is 58 a factor of 5464206?
False
Is 2104462 a multiple of 18?
False
Is 4372923 a multiple of 10?
False
Is 58 a factor of 4121?
False
Is 14953718 a multiple of 31?
True
Is 45 a factor of 14692860?
True
Is 179628 a multiple of 6?
True
Is 110736 a multiple of 72?
True
Is 20 a factor of 718418?
False
Is 183 a factor of 1338205?
False
Is 26 a factor of 24615?
False
Is 94408 a multiple of 92?
False
Does 41 divide 10988?
True
Is 20075344 a multiple of 1228?
True
Does 44 divide 146927?
False
Does 165 divide 5489220?
True
Is 147 a factor of 25342?
False
Does 14 divide 49602?
True
Is 20 a factor of 719005?
False
Does 174 divide 4346172?
True
Is 7 a factor of 59334?
False
Is 4189316 a multiple of 6?
False
Is 2073201 a multiple of 3?
True
Is 64 a factor of 207633?
False
Is 2285326 a multiple of 749?
False
Is 965612 a multiple of 163?
True
Is 31587929 a multiple of 23?
False
Is 90540 a multiple of 6?
True
Is 23 a factor of 240626?
True
Does 8 divide 44904?
True
Does 4 divide 1257620?
True
Does 70 divide 73538?
False
Is 72783 a multiple of 10?
False
Is 205 a factor of 1256524?
False
Is 406608 a multiple of 516?
True
Is 2932648 a multiple of 763?
False
Is 936370 a multiple of 2?
True
Does 85 divide 346460?
True
Is 39 a factor of 80061?
False
Is 27 a factor of 1034154?
True
Is 39 a factor of 538434?
True
Is 3357850 a multiple of 10?
True
Does 17 divide 1502613?
True
Does 11 divide 2762430?
True
Is 540540 a multiple of 286?
True
Is 18751 a multiple of 4?
False
Does 425 divide 1844441?
False
Is 588 a factor of 12901308?
True
Does 41 divide 634967?
True
I